{"id":1749,"date":"2024-01-22T16:43:25","date_gmt":"2024-01-22T15:43:25","guid":{"rendered":"https:\/\/odemelodique.fr\/?page_id=1749"},"modified":"2024-04-02T08:41:21","modified_gmt":"2024-04-02T06:41:21","slug":"stage-et-spectacle-de-contes-musicaux","status":"publish","type":"page","link":"https:\/\/odemelodique.fr\/index.php\/stages-ateliers\/stage-et-spectacle-de-contes-musicaux\/","title":{"rendered":"Stage de cr\u00e9ation de contes musicaux"},"content":{"rendered":"\n<figure class=\"wp-block-image alignfull size-large\"><img loading=\"lazy\" decoding=\"async\" width=\"2000\" height=\"600\" src=\"https:\/\/odemelodique.fr\/wp-content\/uploads\/2024\/03\/7-1024x307.png\" alt=\"\" class=\"wp-image-1866\" srcset=\"https:\/\/odemelodique.fr\/wp-content\/uploads\/2024\/03\/7-1024x307.png 1024w, https:\/\/odemelodique.fr\/wp-content\/uploads\/2024\/03\/7-300x90.png 300w, https:\/\/odemelodique.fr\/wp-content\/uploads\/2024\/03\/7-768x230.png 768w, https:\/\/odemelodique.fr\/wp-content\/uploads\/2024\/03\/7-1536x461.png 1536w, https:\/\/odemelodique.fr\/wp-content\/uploads\/2024\/03\/7.png 2000w\" sizes=\"auto, (max-width: 2000px) 100vw, 2000px\" \/><\/figure>\n\n\n\n<p>La Cie Ode M\u00e9lodique et le Th\u00e9\u00e2tre des Mansardes proposent un <strong>stage de cinq jours<\/strong> par an (durant les vacances de f\u00e9vrier) aboutissant \u00e0 une <strong>repr\u00e9sentation<\/strong> dans la commune de Saint-Symphorien-de-Lay. L&rsquo;id\u00e9e est de permettre \u00e0 des <strong>enfants du milieu rural<\/strong> de 4 \u00e0 11 ans de cr\u00e9er un spectacle musical puis de monter sur sc\u00e8ne avec <strong>deux artistes professionnelles<\/strong> pour l&rsquo;interpr\u00e9ter dans la salle de spectacle du th\u00e9\u00e2tre du village !<\/p>\n\n\n\n<h4 id=\"wp-block-themeisle-blocks-advanced-heading-2063f1d3\" class=\"wp-block-themeisle-blocks-advanced-heading wp-block-themeisle-blocks-advanced-heading-2063f1d3\">Contenu du stage<\/h4>\n\n\n\n<p>Les enfants sont accueillis par demie journ\u00e9e au Th\u00e9\u00e2tre des Mansardes. R\u00e9partis en deux groupes en fonction de leur \u00e2ge, ils apprennent au fil de la semaine les fondamentaux de la cr\u00e9ation d&rsquo;un spectacle et de la repr\u00e9sentation sur sc\u00e8ne avec l&rsquo;aide de deux artistes et p\u00e9dagogues reconnues. Par le plaisir de l\u2019expression et du partage avec le groupe, ils d\u00e9couvrent comment utiliser la m\u00e9lodie, le rythme et les sons pour souligner et d\u00e9velopper les \u00e9motions li\u00e9es au r\u00e9cit.<\/p>\n\n\n\n<p>A la fin de la semaine, leur travail collectif aboutit \u00e0 une repr\u00e9sentation ouverte au public, dans une vraie salle de spectacle, avec une r\u00e9gie. Ils partagent la sc\u00e8ne avec les deux intervenantes qui les ont accompagn\u00e9s durant la semaine.<\/p>\n\n\n\n<p><\/p>\n\n\n\n<h4 id=\"wp-block-themeisle-blocks-advanced-heading-6b34bcac\" class=\"wp-block-themeisle-blocks-advanced-heading wp-block-themeisle-blocks-advanced-heading-6b34bcac\">Fiche technique<\/h4>\n\n\n\n<div class=\"wp-block-columns is-layout-flex wp-container-core-columns-is-layout-9d6595d7 wp-block-columns-is-layout-flex\">\n<div class=\"wp-block-column is-layout-flow wp-block-column-is-layout-flow\"><div class=\"wp-block-image\">\n<figure class=\"alignright size-large is-resized\"><img loading=\"lazy\" decoding=\"async\" width=\"844\" height=\"1024\" src=\"https:\/\/odemelodique.fr\/wp-content\/uploads\/2024\/04\/326302284_590182952554602_8153194779283728430_n-844x1024.jpg\" alt=\"\" class=\"wp-image-1870\" style=\"width:auto;height:400px\" srcset=\"https:\/\/odemelodique.fr\/wp-content\/uploads\/2024\/04\/326302284_590182952554602_8153194779283728430_n-844x1024.jpg 844w, https:\/\/odemelodique.fr\/wp-content\/uploads\/2024\/04\/326302284_590182952554602_8153194779283728430_n-247x300.jpg 247w, https:\/\/odemelodique.fr\/wp-content\/uploads\/2024\/04\/326302284_590182952554602_8153194779283728430_n-768x932.jpg 768w, https:\/\/odemelodique.fr\/wp-content\/uploads\/2024\/04\/326302284_590182952554602_8153194779283728430_n.jpg 1258w\" sizes=\"auto, (max-width: 844px) 100vw, 844px\" \/><\/figure>\n<\/div><\/div>\n\n\n\n<div class=\"wp-block-column is-layout-flow wp-block-column-is-layout-flow\"><div class=\"wp-block-image\">\n<figure class=\"alignleft size-large is-resized\"><img loading=\"lazy\" decoding=\"async\" width=\"724\" height=\"1024\" src=\"https:\/\/odemelodique.fr\/wp-content\/uploads\/2024\/01\/Stage-de-1-724x1024.png\" alt=\"\" class=\"wp-image-1738\" style=\"width:auto;height:400px\" srcset=\"https:\/\/odemelodique.fr\/wp-content\/uploads\/2024\/01\/Stage-de-1-724x1024.png 724w, https:\/\/odemelodique.fr\/wp-content\/uploads\/2024\/01\/Stage-de-1-212x300.png 212w, https:\/\/odemelodique.fr\/wp-content\/uploads\/2024\/01\/Stage-de-1-768x1086.png 768w, https:\/\/odemelodique.fr\/wp-content\/uploads\/2024\/01\/Stage-de-1-1086x1536.png 1086w, https:\/\/odemelodique.fr\/wp-content\/uploads\/2024\/01\/Stage-de-1.png 1414w\" sizes=\"auto, (max-width: 724px) 100vw, 724px\" \/><\/figure>\n<\/div><\/div>\n\n\n\n<div class=\"wp-block-column is-vertically-aligned-center is-layout-flow wp-block-column-is-layout-flow\">\n<ul class=\"wp-block-list\">\n<li>Vacances de f\u00e9vrier<\/li>\n\n\n\n<li><strong>Nombre d\u2019encadrantes artistiques<\/strong>\u00a0<strong>:<\/strong> 2<\/li>\n\n\n\n<li><strong>Public<\/strong>&nbsp;<strong>:<\/strong> De 4 \u00e0 11 ans<\/li>\n\n\n\n<li><strong>Effectif&nbsp;<\/strong>: De 10 \u00e0 22 enfants (en deux groupes)<\/li>\n\n\n\n<li><strong>Dur\u00e9e:<\/strong> 5 jours, par demie journ\u00e9e<\/li>\n<\/ul>\n<\/div>\n<\/div>\n\n\n\n<div class=\"wp-block-columns is-layout-flex wp-container-core-columns-is-layout-9d6595d7 wp-block-columns-is-layout-flex\">\n<div class=\"wp-block-column is-layout-flow wp-block-column-is-layout-flow\">\n<p><strong>HORAIRES <\/strong> <\/p>\n\n\n\n<ul class=\"wp-block-list\">\n<li>Groupe du matin \n<ul class=\"wp-block-list\">\n<li>Lundi, mardi, mercredi, jeudi, vendredi <\/li>\n\n\n\n<li>De 9h \u00e0 11h30 <\/li>\n<\/ul>\n<\/li>\n\n\n\n<li>Groupe de l\u2019apr\u00e8s-midi \n<ul class=\"wp-block-list\">\n<li>Lundi, mardi, mercredi, jeudi, vendredi <\/li>\n\n\n\n<li>De 13h30 \u00e0 16h30 <\/li>\n<\/ul>\n<\/li>\n<\/ul>\n<\/div>\n\n\n\n<div class=\"wp-block-column is-layout-flow wp-block-column-is-layout-flow\">\n<p><strong>ADRESSE <\/strong><\/p>\n\n\n\n<p>Th\u00e9\u00e2tre des Mansardes Rue de la t\u00eate noire, 42470 SAINT-SYMPHORIEN-DE-LAY<\/p>\n\n\n\n<p><strong>TARIF <\/strong>: 50\u20ac la semaine<\/p>\n\n\n\n<p><strong>SPECTACLE DE FIN DE STAGE <\/strong><\/p>\n\n\n\n<ul class=\"wp-block-list\">\n<li>Vendredi \u00e0 18h <\/li>\n\n\n\n<li>Th\u00e9\u00e2tre des Mansardes <\/li>\n\n\n\n<li>Spectacle au chapeau<\/li>\n<\/ul>\n<\/div>\n<\/div>\n\n\n\n<h4 id=\"wp-block-themeisle-blocks-advanced-heading-4993e2d7\" class=\"wp-block-themeisle-blocks-advanced-heading wp-block-themeisle-blocks-advanced-heading-4993e2d7\">Les objectifs<\/h4>\n\n\n\n<p><span style=\"text-decoration: underline;\">Monter un spectacle entre 20 et 45 minutes<\/span><\/p>\n\n\n\n<ul class=\"wp-block-list\">\n<li>Travailler en collectif<\/li>\n\n\n\n<li>D\u00e9velopper sa cr\u00e9ativit\u00e9\/son imaginaire<\/li>\n\n\n\n<li>Prendre conscience de son corps, affiner sa proprioception<\/li>\n\n\n\n<li>\u00c9crire une histoire<\/li>\n<\/ul>\n\n\n\n<p><span style=\"text-decoration: underline;\">Pr\u00e9senter le spectacle sur sc\u00e8ne, en public<\/span><\/p>\n\n\n\n<ul class=\"wp-block-list\">\n<li>Prendre confiance en soi<\/li>\n\n\n\n<li>Prendre la parole en public<\/li>\n<\/ul>\n\n\n\n<p><span style=\"text-decoration: underline;\">D\u00e9couvrir des outils de cr\u00e9ation\/d\u2019expression<\/span><\/p>\n\n\n\n<ul class=\"wp-block-list\">\n<li>Apprivoiser sa voix par le chant<\/li>\n\n\n\n<li>Exprimer des \u00e9motions avec son corps de mani\u00e8re volontaire par le th\u00e9\u00e2tre<\/li>\n\n\n\n<li>Faire avec les mains (fabriquer des choses)<\/li>\n\n\n\n<li>D\u00e9velopper sa capacit\u00e9 \u00e0 regarder le monde autrement (D\u00e9tourner des objets du quotidien)<\/li>\n<\/ul>\n","protected":false},"excerpt":{"rendered":"<p>La Cie Ode M\u00e9lodique et le Th\u00e9\u00e2tre des Mansardes proposent un stage de cinq jours par an (durant les vacances de f\u00e9vrier) aboutissant \u00e0 une repr\u00e9sentation dans la commune de&hellip;&nbsp;<a href=\"https:\/\/odemelodique.fr\/index.php\/stages-ateliers\/stage-et-spectacle-de-contes-musicaux\/\" class=\"\" rel=\"bookmark\">Lire la suite &raquo;<span class=\"screen-reader-text\">Stage de cr\u00e9ation de contes musicaux<\/span><\/a><\/p>\n","protected":false},"author":1,"featured_media":0,"parent":1739,"menu_order":1,"comment_status":"closed","ping_status":"closed","template":"","meta":{"neve_meta_sidebar":"","neve_meta_container":"","neve_meta_enable_content_width":"","neve_meta_content_width":0,"neve_meta_title_alignment":"","neve_meta_author_avatar":"","neve_post_elements_order":"","neve_meta_disable_header":"","neve_meta_disable_footer":"","neve_meta_disable_title":"","_themeisle_gutenberg_block_has_review":false,"_ti_tpc_template_sync":false,"_ti_tpc_template_id":"","footnotes":""},"class_list":["post-1749","page","type-page","status-publish","hentry"],"yoast_head":"<!-- This site is optimized with the Yoast SEO plugin v20.8 - https:\/\/yoast.com\/wordpress\/plugins\/seo\/ -->\n<title>Stage de cr\u00e9ation de contes musicaux - Compagnie Ode M\u00e9lodique<\/title>\n<meta name=\"robots\" content=\"index, follow, max-snippet:-1, max-image-preview:large, max-video-preview:-1\" \/>\n<link rel=\"canonical\" href=\"https:\/\/odemelodique.fr\/index.php\/stages-ateliers\/stage-et-spectacle-de-contes-musicaux\/\" \/>\n<meta property=\"og:locale\" content=\"fr_FR\" \/>\n<meta property=\"og:type\" content=\"article\" \/>\n<meta property=\"og:title\" content=\"Stage de cr\u00e9ation de contes musicaux - Compagnie Ode M\u00e9lodique\" \/>\n<meta property=\"og:description\" content=\"La Cie Ode M\u00e9lodique et le Th\u00e9\u00e2tre des Mansardes proposent un stage de cinq jours par an (durant les vacances de f\u00e9vrier) aboutissant \u00e0 une repr\u00e9sentation dans la commune de&hellip;&nbsp;Lire la suite &raquo;Stage de cr\u00e9ation de contes musicaux\" \/>\n<meta property=\"og:url\" content=\"https:\/\/odemelodique.fr\/index.php\/stages-ateliers\/stage-et-spectacle-de-contes-musicaux\/\" \/>\n<meta property=\"og:site_name\" content=\"Compagnie Ode M\u00e9lodique\" \/>\n<meta property=\"article:modified_time\" content=\"2024-04-02T06:41:21+00:00\" \/>\n<meta property=\"og:image\" content=\"https:\/\/odemelodique.fr\/wp-content\/uploads\/2024\/03\/7-1024x307.png\" \/>\n<meta name=\"twitter:card\" content=\"summary_large_image\" \/>\n<meta name=\"twitter:label1\" content=\"Dur\u00e9e de lecture estim\u00e9e\" \/>\n\t<meta name=\"twitter:data1\" content=\"3 minutes\" \/>\n<script type=\"application\/ld+json\" class=\"yoast-schema-graph\">{\"@context\":\"https:\/\/schema.org\",\"@graph\":[{\"@type\":\"WebPage\",\"@id\":\"https:\/\/odemelodique.fr\/index.php\/stages-ateliers\/stage-et-spectacle-de-contes-musicaux\/\",\"url\":\"https:\/\/odemelodique.fr\/index.php\/stages-ateliers\/stage-et-spectacle-de-contes-musicaux\/\",\"name\":\"Stage de cr\u00e9ation de contes musicaux - Compagnie Ode M\u00e9lodique\",\"isPartOf\":{\"@id\":\"https:\/\/odemelodique.fr\/#website\"},\"datePublished\":\"2024-01-22T15:43:25+00:00\",\"dateModified\":\"2024-04-02T06:41:21+00:00\",\"breadcrumb\":{\"@id\":\"https:\/\/odemelodique.fr\/index.php\/stages-ateliers\/stage-et-spectacle-de-contes-musicaux\/#breadcrumb\"},\"inLanguage\":\"fr-FR\",\"potentialAction\":[{\"@type\":\"ReadAction\",\"target\":[\"https:\/\/odemelodique.fr\/index.php\/stages-ateliers\/stage-et-spectacle-de-contes-musicaux\/\"]}]},{\"@type\":\"BreadcrumbList\",\"@id\":\"https:\/\/odemelodique.fr\/index.php\/stages-ateliers\/stage-et-spectacle-de-contes-musicaux\/#breadcrumb\",\"itemListElement\":[{\"@type\":\"ListItem\",\"position\":1,\"name\":\"Accueil\",\"item\":\"https:\/\/odemelodique.fr\/\"},{\"@type\":\"ListItem\",\"position\":2,\"name\":\"Stages &#038; ateliers de mediation\",\"item\":\"https:\/\/odemelodique.fr\/index.php\/stages-ateliers\/\"},{\"@type\":\"ListItem\",\"position\":3,\"name\":\"Stage de cr\u00e9ation de contes musicaux\"}]},{\"@type\":\"WebSite\",\"@id\":\"https:\/\/odemelodique.fr\/#website\",\"url\":\"https:\/\/odemelodique.fr\/\",\"name\":\"Compagnie Ode M\u00e9lodique\",\"description\":\"\",\"publisher\":{\"@id\":\"https:\/\/odemelodique.fr\/#organization\"},\"potentialAction\":[{\"@type\":\"SearchAction\",\"target\":{\"@type\":\"EntryPoint\",\"urlTemplate\":\"https:\/\/odemelodique.fr\/?s={search_term_string}\"},\"query-input\":\"required name=search_term_string\"}],\"inLanguage\":\"fr-FR\"},{\"@type\":\"Organization\",\"@id\":\"https:\/\/odemelodique.fr\/#organization\",\"name\":\"Compagnie Ode M\u00e9lodique\",\"url\":\"https:\/\/odemelodique.fr\/\",\"logo\":{\"@type\":\"ImageObject\",\"inLanguage\":\"fr-FR\",\"@id\":\"https:\/\/odemelodique.fr\/#\/schema\/logo\/image\/\",\"url\":\"https:\/\/odemelodique.fr\/wp-content\/uploads\/2022\/10\/Logo-noir-fond-blanc-RECTANGLE.jpg\",\"contentUrl\":\"https:\/\/odemelodique.fr\/wp-content\/uploads\/2022\/10\/Logo-noir-fond-blanc-RECTANGLE.jpg\",\"width\":780,\"height\":468,\"caption\":\"Compagnie Ode M\u00e9lodique\"},\"image\":{\"@id\":\"https:\/\/odemelodique.fr\/#\/schema\/logo\/image\/\"}}]}<\/script>\n<!-- \/ Yoast SEO plugin. -->","yoast_head_json":{"title":"Stage de cr\u00e9ation de contes musicaux - Compagnie Ode M\u00e9lodique","robots":{"index":"index","follow":"follow","max-snippet":"max-snippet:-1","max-image-preview":"max-image-preview:large","max-video-preview":"max-video-preview:-1"},"canonical":"https:\/\/odemelodique.fr\/index.php\/stages-ateliers\/stage-et-spectacle-de-contes-musicaux\/","og_locale":"fr_FR","og_type":"article","og_title":"Stage de cr\u00e9ation de contes musicaux - Compagnie Ode M\u00e9lodique","og_description":"La Cie Ode M\u00e9lodique et le Th\u00e9\u00e2tre des Mansardes proposent un stage de cinq jours par an (durant les vacances de f\u00e9vrier) aboutissant \u00e0 une repr\u00e9sentation dans la commune de&hellip;&nbsp;Lire la suite &raquo;Stage de cr\u00e9ation de contes musicaux","og_url":"https:\/\/odemelodique.fr\/index.php\/stages-ateliers\/stage-et-spectacle-de-contes-musicaux\/","og_site_name":"Compagnie Ode M\u00e9lodique","article_modified_time":"2024-04-02T06:41:21+00:00","og_image":[{"url":"https:\/\/odemelodique.fr\/wp-content\/uploads\/2024\/03\/7-1024x307.png"}],"twitter_card":"summary_large_image","twitter_misc":{"Dur\u00e9e de lecture estim\u00e9e":"3 minutes"},"schema":{"@context":"https:\/\/schema.org","@graph":[{"@type":"WebPage","@id":"https:\/\/odemelodique.fr\/index.php\/stages-ateliers\/stage-et-spectacle-de-contes-musicaux\/","url":"https:\/\/odemelodique.fr\/index.php\/stages-ateliers\/stage-et-spectacle-de-contes-musicaux\/","name":"Stage de cr\u00e9ation de contes musicaux - Compagnie Ode M\u00e9lodique","isPartOf":{"@id":"https:\/\/odemelodique.fr\/#website"},"datePublished":"2024-01-22T15:43:25+00:00","dateModified":"2024-04-02T06:41:21+00:00","breadcrumb":{"@id":"https:\/\/odemelodique.fr\/index.php\/stages-ateliers\/stage-et-spectacle-de-contes-musicaux\/#breadcrumb"},"inLanguage":"fr-FR","potentialAction":[{"@type":"ReadAction","target":["https:\/\/odemelodique.fr\/index.php\/stages-ateliers\/stage-et-spectacle-de-contes-musicaux\/"]}]},{"@type":"BreadcrumbList","@id":"https:\/\/odemelodique.fr\/index.php\/stages-ateliers\/stage-et-spectacle-de-contes-musicaux\/#breadcrumb","itemListElement":[{"@type":"ListItem","position":1,"name":"Accueil","item":"https:\/\/odemelodique.fr\/"},{"@type":"ListItem","position":2,"name":"Stages &#038; ateliers de mediation","item":"https:\/\/odemelodique.fr\/index.php\/stages-ateliers\/"},{"@type":"ListItem","position":3,"name":"Stage de cr\u00e9ation de contes musicaux"}]},{"@type":"WebSite","@id":"https:\/\/odemelodique.fr\/#website","url":"https:\/\/odemelodique.fr\/","name":"Compagnie Ode M\u00e9lodique","description":"","publisher":{"@id":"https:\/\/odemelodique.fr\/#organization"},"potentialAction":[{"@type":"SearchAction","target":{"@type":"EntryPoint","urlTemplate":"https:\/\/odemelodique.fr\/?s={search_term_string}"},"query-input":"required name=search_term_string"}],"inLanguage":"fr-FR"},{"@type":"Organization","@id":"https:\/\/odemelodique.fr\/#organization","name":"Compagnie Ode M\u00e9lodique","url":"https:\/\/odemelodique.fr\/","logo":{"@type":"ImageObject","inLanguage":"fr-FR","@id":"https:\/\/odemelodique.fr\/#\/schema\/logo\/image\/","url":"https:\/\/odemelodique.fr\/wp-content\/uploads\/2022\/10\/Logo-noir-fond-blanc-RECTANGLE.jpg","contentUrl":"https:\/\/odemelodique.fr\/wp-content\/uploads\/2022\/10\/Logo-noir-fond-blanc-RECTANGLE.jpg","width":780,"height":468,"caption":"Compagnie Ode M\u00e9lodique"},"image":{"@id":"https:\/\/odemelodique.fr\/#\/schema\/logo\/image\/"}}]}},"_links":{"self":[{"href":"https:\/\/odemelodique.fr\/index.php\/wp-json\/wp\/v2\/pages\/1749","targetHints":{"allow":["GET"]}}],"collection":[{"href":"https:\/\/odemelodique.fr\/index.php\/wp-json\/wp\/v2\/pages"}],"about":[{"href":"https:\/\/odemelodique.fr\/index.php\/wp-json\/wp\/v2\/types\/page"}],"author":[{"embeddable":true,"href":"https:\/\/odemelodique.fr\/index.php\/wp-json\/wp\/v2\/users\/1"}],"replies":[{"embeddable":true,"href":"https:\/\/odemelodique.fr\/index.php\/wp-json\/wp\/v2\/comments?post=1749"}],"version-history":[{"count":3,"href":"https:\/\/odemelodique.fr\/index.php\/wp-json\/wp\/v2\/pages\/1749\/revisions"}],"predecessor-version":[{"id":1871,"href":"https:\/\/odemelodique.fr\/index.php\/wp-json\/wp\/v2\/pages\/1749\/revisions\/1871"}],"up":[{"embeddable":true,"href":"https:\/\/odemelodique.fr\/index.php\/wp-json\/wp\/v2\/pages\/1739"}],"wp:attachment":[{"href":"https:\/\/odemelodique.fr\/index.php\/wp-json\/wp\/v2\/media?parent=1749"}],"curies":[{"name":"wp","href":"https:\/\/api.w.org\/{rel}","templated":true}]}}