{"id":1885,"date":"2024-04-04T11:08:10","date_gmt":"2024-04-04T09:08:10","guid":{"rendered":"https:\/\/odemelodique.fr\/?page_id=1885"},"modified":"2026-04-21T16:29:55","modified_gmt":"2026-04-21T14:29:55","slug":"ateliers-de-mediation-lamour-sorcier","status":"publish","type":"page","link":"https:\/\/odemelodique.fr\/index.php\/stages-ateliers\/ateliers-de-mediation-lamour-sorcier\/","title":{"rendered":"Ateliers de m\u00e9diation &#8211; L&rsquo;Amour Sorcier"},"content":{"rendered":"\n<figure class=\"wp-block-image alignfull size-large\"><img loading=\"lazy\" decoding=\"async\" width=\"1024\" height=\"307\" src=\"https:\/\/odemelodique.fr\/wp-content\/uploads\/2024\/03\/5-1024x307.png\" alt=\"\" class=\"wp-image-1864\" srcset=\"https:\/\/odemelodique.fr\/wp-content\/uploads\/2024\/03\/5-1024x307.png 1024w, https:\/\/odemelodique.fr\/wp-content\/uploads\/2024\/03\/5-300x90.png 300w, https:\/\/odemelodique.fr\/wp-content\/uploads\/2024\/03\/5-768x230.png 768w, https:\/\/odemelodique.fr\/wp-content\/uploads\/2024\/03\/5-1536x461.png 1536w, https:\/\/odemelodique.fr\/wp-content\/uploads\/2024\/03\/5.png 2000w\" sizes=\"auto, (max-width: 1024px) 100vw, 1024px\" \/><\/figure>\n\n\n\n<div class=\"wp-block-columns is-layout-flex wp-container-core-columns-is-layout-9d6595d7 wp-block-columns-is-layout-flex\">\n<div class=\"wp-block-column is-layout-flow wp-block-column-is-layout-flow\" style=\"flex-basis:5%\"><\/div>\n\n\n\n<div class=\"wp-block-column is-layout-flow wp-block-column-is-layout-flow\"><div class=\"wp-block-image\">\n<figure class=\"aligncenter size-large\"><img loading=\"lazy\" decoding=\"async\" width=\"1024\" height=\"767\" src=\"https:\/\/odemelodique.fr\/wp-content\/uploads\/2024\/04\/Ateliers-Amour-Sorcier-1024x767.png\" alt=\"\" class=\"wp-image-1889\" style=\"object-fit:cover\" srcset=\"https:\/\/odemelodique.fr\/wp-content\/uploads\/2024\/04\/Ateliers-Amour-Sorcier-1024x767.png 1024w, https:\/\/odemelodique.fr\/wp-content\/uploads\/2024\/04\/Ateliers-Amour-Sorcier-300x225.png 300w, https:\/\/odemelodique.fr\/wp-content\/uploads\/2024\/04\/Ateliers-Amour-Sorcier-768x576.png 768w, https:\/\/odemelodique.fr\/wp-content\/uploads\/2024\/04\/Ateliers-Amour-Sorcier-1536x1151.png 1536w, https:\/\/odemelodique.fr\/wp-content\/uploads\/2024\/04\/Ateliers-Amour-Sorcier-2048x1535.png 2048w\" sizes=\"auto, (max-width: 1024px) 100vw, 1024px\" \/><\/figure>\n<\/div><\/div>\n\n\n\n<div class=\"wp-block-column is-layout-flow wp-block-column-is-layout-flow\">\n<p>Pour notre op\u00e9ra-ballet de poche \u00ab\u00a0<strong>L&rsquo;Amour Sorcier<\/strong>\u00ab\u00a0, nous avons travaill\u00e9 \u00e0 rendre notre spectacle accessible \u00e0 un large public. <\/p>\n\n\n\n<p>Mais pour parfaire l\u2019accessibilit\u00e9 de cette \u0153uvre riche et puissante, nous avons d\u00e9cid\u00e9 d\u2019aller plus loin en proposant tout un <strong>\u00e9ventail d\u2019ateliers<\/strong> pour d\u00e9couvrir <strong>l\u2019\u0153uvre<\/strong>, la <strong>musique<\/strong>, la <strong>danse<\/strong>, et bien plus encore&nbsp;! Voici une proposition d\u2019ateliers dont le <strong>contenu et les modalit\u00e9s<\/strong> peuvent \u00eatre <strong>soit \u00ab&nbsp;clef en main&nbsp;\u00bb<\/strong>, <strong>soit \u00e0 construire ensemble<\/strong> pour s\u2019adapter \u00e0 vos envies en fonction du public vis\u00e9, de l\u2019\u00e2ge et du niveau des participants, des structures accueillantes, etc.<\/p>\n<\/div>\n\n\n\n<div class=\"wp-block-column is-layout-flow wp-block-column-is-layout-flow\" style=\"flex-basis:5%\"><\/div>\n<\/div>\n\n\n\n<div class=\"wp-block-columns is-layout-flex wp-container-core-columns-is-layout-9d6595d7 wp-block-columns-is-layout-flex\">\n<div class=\"wp-block-column is-layout-flow wp-block-column-is-layout-flow\" style=\"flex-basis:5%\"><\/div>\n\n\n\n<div class=\"wp-block-column is-vertically-aligned-center is-layout-flow wp-block-column-is-layout-flow\"><div class=\"wp-block-image\">\n<figure class=\"alignright size-full is-resized\"><img loading=\"lazy\" decoding=\"async\" width=\"227\" height=\"153\" src=\"https:\/\/odemelodique.fr\/wp-content\/uploads\/2024\/04\/image.png\" alt=\"\" class=\"wp-image-1887\" style=\"width:145px;height:auto\"\/><\/figure>\n<\/div><\/div>\n\n\n\n<div class=\"wp-block-column is-vertically-aligned-center is-layout-flow wp-block-column-is-layout-flow\" style=\"flex-basis:75%\">\n<p id=\"wp-block-themeisle-blocks-advanced-heading-5494d0b3\" class=\"wp-block-themeisle-blocks-advanced-heading wp-block-themeisle-blocks-advanced-heading-5494d0b3\"><em>Ces ateliers sont ouverts \u00e0 tous, et notamment aux personnes porteuses de handicaps. Ils peuvent faire l\u2019objet d\u2019am\u00e9nagements pour s\u2019adresser sp\u00e9cifiquement \u00e0 ces personnes en fonction de leur besoin. Contactez-nous pour co-construire une activit\u00e9&nbsp; sur mesure&nbsp;!<\/em><\/p>\n<\/div>\n\n\n\n<div class=\"wp-block-column is-layout-flow wp-block-column-is-layout-flow\" style=\"flex-basis:5%\"><\/div>\n<\/div>\n\n\n\n<h4 id=\"wp-block-themeisle-blocks-advanced-heading-6b34bcac\" class=\"wp-block-themeisle-blocks-advanced-heading wp-block-themeisle-blocks-advanced-heading-6b34bcac\">Fiche technique<\/h4>\n\n\n\n<ul class=\"wp-block-list\">\n<li>Ateliers autour du chant, de la guitare, de la mise en corps ou de la cr\u00e9ation musicale<\/li>\n\n\n\n<li><span style=\"text-decoration: underline;\">Intervenantes<\/span> : \n<ul class=\"wp-block-list\">\n<li>C\u00e9cile Renzi-Pacoureau (guitare)<\/li>\n\n\n\n<li>Elodie Redon (guitare)<\/li>\n\n\n\n<li>Emmanuelle Gouiard (mise en corps)<\/li>\n\n\n\n<li>Maude Georges (chant et direction de ch\u0153ur)<\/li>\n<\/ul>\n<\/li>\n\n\n\n<li>Dur\u00e9e : de 1h30 \u00e0 5 fois 2h<\/li>\n\n\n\n<li>Toutes les informations sont disponibles dans le dossier ci-dessous.<\/li>\n<\/ul>\n\n\n\n<div class=\"wp-block-buttons is-content-justification-center is-layout-flex wp-container-core-buttons-is-layout-16018d1d wp-block-buttons-is-layout-flex\">\n<div class=\"wp-block-button\"><a class=\"wp-block-button__link wp-element-button\" href=\"https:\/\/odemelodique.fr\/wp-content\/uploads\/2026\/04\/Dossier-atelier-Amour-Sorcier.pdf\" target=\"_blank\" rel=\"noreferrer noopener\">T\u00e9l\u00e9charger le dossier de pr\u00e9sentation<\/a><\/div>\n<\/div>\n","protected":false},"excerpt":{"rendered":"<p>Pour notre op\u00e9ra-ballet de poche \u00ab\u00a0L&rsquo;Amour Sorcier\u00ab\u00a0, nous avons travaill\u00e9 \u00e0 rendre notre spectacle accessible \u00e0 un large public. Mais pour parfaire l\u2019accessibilit\u00e9 de cette \u0153uvre riche et puissante, nous&hellip;&nbsp;<a href=\"https:\/\/odemelodique.fr\/index.php\/stages-ateliers\/ateliers-de-mediation-lamour-sorcier\/\" class=\"\" rel=\"bookmark\">Lire la suite &raquo;<span class=\"screen-reader-text\">Ateliers de m\u00e9diation &#8211; L&rsquo;Amour Sorcier<\/span><\/a><\/p>\n","protected":false},"author":1,"featured_media":0,"parent":1739,"menu_order":1,"comment_status":"closed","ping_status":"closed","template":"","meta":{"neve_meta_sidebar":"","neve_meta_container":"","neve_meta_enable_content_width":"","neve_meta_content_width":0,"neve_meta_title_alignment":"","neve_meta_author_avatar":"","neve_post_elements_order":"","neve_meta_disable_header":"","neve_meta_disable_footer":"","neve_meta_disable_title":"","_themeisle_gutenberg_block_has_review":false,"_ti_tpc_template_sync":false,"_ti_tpc_template_id":"","footnotes":""},"class_list":["post-1885","page","type-page","status-publish","hentry"],"yoast_head":"<!-- This site is optimized with the Yoast SEO plugin v20.8 - https:\/\/yoast.com\/wordpress\/plugins\/seo\/ -->\n<title>Ateliers de m\u00e9diation - L&#039;Amour Sorcier - Compagnie Ode M\u00e9lodique<\/title>\n<meta name=\"robots\" content=\"index, follow, max-snippet:-1, max-image-preview:large, max-video-preview:-1\" \/>\n<link rel=\"canonical\" href=\"https:\/\/odemelodique.fr\/index.php\/stages-ateliers\/ateliers-de-mediation-lamour-sorcier\/\" \/>\n<meta property=\"og:locale\" content=\"fr_FR\" \/>\n<meta property=\"og:type\" content=\"article\" \/>\n<meta property=\"og:title\" content=\"Ateliers de m\u00e9diation - L&#039;Amour Sorcier - Compagnie Ode M\u00e9lodique\" \/>\n<meta property=\"og:description\" content=\"Pour notre op\u00e9ra-ballet de poche \u00ab\u00a0L&rsquo;Amour Sorcier\u00ab\u00a0, nous avons travaill\u00e9 \u00e0 rendre notre spectacle accessible \u00e0 un large public. Mais pour parfaire l\u2019accessibilit\u00e9 de cette \u0153uvre riche et puissante, nous&hellip;&nbsp;Lire la suite &raquo;Ateliers de m\u00e9diation &#8211; L&rsquo;Amour Sorcier\" \/>\n<meta property=\"og:url\" content=\"https:\/\/odemelodique.fr\/index.php\/stages-ateliers\/ateliers-de-mediation-lamour-sorcier\/\" \/>\n<meta property=\"og:site_name\" content=\"Compagnie Ode M\u00e9lodique\" \/>\n<meta property=\"article:modified_time\" content=\"2026-04-21T14:29:55+00:00\" \/>\n<meta property=\"og:image\" content=\"https:\/\/odemelodique.fr\/wp-content\/uploads\/2024\/03\/5-1024x307.png\" \/>\n<meta name=\"twitter:card\" content=\"summary_large_image\" \/>\n<meta name=\"twitter:label1\" content=\"Dur\u00e9e de lecture estim\u00e9e\" \/>\n\t<meta name=\"twitter:data1\" content=\"2 minutes\" \/>\n<script type=\"application\/ld+json\" class=\"yoast-schema-graph\">{\"@context\":\"https:\/\/schema.org\",\"@graph\":[{\"@type\":\"WebPage\",\"@id\":\"https:\/\/odemelodique.fr\/index.php\/stages-ateliers\/ateliers-de-mediation-lamour-sorcier\/\",\"url\":\"https:\/\/odemelodique.fr\/index.php\/stages-ateliers\/ateliers-de-mediation-lamour-sorcier\/\",\"name\":\"Ateliers de m\u00e9diation - L'Amour Sorcier - Compagnie Ode M\u00e9lodique\",\"isPartOf\":{\"@id\":\"https:\/\/odemelodique.fr\/#website\"},\"datePublished\":\"2024-04-04T09:08:10+00:00\",\"dateModified\":\"2026-04-21T14:29:55+00:00\",\"breadcrumb\":{\"@id\":\"https:\/\/odemelodique.fr\/index.php\/stages-ateliers\/ateliers-de-mediation-lamour-sorcier\/#breadcrumb\"},\"inLanguage\":\"fr-FR\",\"potentialAction\":[{\"@type\":\"ReadAction\",\"target\":[\"https:\/\/odemelodique.fr\/index.php\/stages-ateliers\/ateliers-de-mediation-lamour-sorcier\/\"]}]},{\"@type\":\"BreadcrumbList\",\"@id\":\"https:\/\/odemelodique.fr\/index.php\/stages-ateliers\/ateliers-de-mediation-lamour-sorcier\/#breadcrumb\",\"itemListElement\":[{\"@type\":\"ListItem\",\"position\":1,\"name\":\"Accueil\",\"item\":\"https:\/\/odemelodique.fr\/\"},{\"@type\":\"ListItem\",\"position\":2,\"name\":\"Stages &#038; ateliers de mediation\",\"item\":\"https:\/\/odemelodique.fr\/index.php\/stages-ateliers\/\"},{\"@type\":\"ListItem\",\"position\":3,\"name\":\"Ateliers de m\u00e9diation &#8211; L&rsquo;Amour Sorcier\"}]},{\"@type\":\"WebSite\",\"@id\":\"https:\/\/odemelodique.fr\/#website\",\"url\":\"https:\/\/odemelodique.fr\/\",\"name\":\"Compagnie Ode M\u00e9lodique\",\"description\":\"\",\"publisher\":{\"@id\":\"https:\/\/odemelodique.fr\/#organization\"},\"potentialAction\":[{\"@type\":\"SearchAction\",\"target\":{\"@type\":\"EntryPoint\",\"urlTemplate\":\"https:\/\/odemelodique.fr\/?s={search_term_string}\"},\"query-input\":\"required name=search_term_string\"}],\"inLanguage\":\"fr-FR\"},{\"@type\":\"Organization\",\"@id\":\"https:\/\/odemelodique.fr\/#organization\",\"name\":\"Compagnie Ode M\u00e9lodique\",\"url\":\"https:\/\/odemelodique.fr\/\",\"logo\":{\"@type\":\"ImageObject\",\"inLanguage\":\"fr-FR\",\"@id\":\"https:\/\/odemelodique.fr\/#\/schema\/logo\/image\/\",\"url\":\"https:\/\/odemelodique.fr\/wp-content\/uploads\/2022\/10\/Logo-noir-fond-blanc-RECTANGLE.jpg\",\"contentUrl\":\"https:\/\/odemelodique.fr\/wp-content\/uploads\/2022\/10\/Logo-noir-fond-blanc-RECTANGLE.jpg\",\"width\":780,\"height\":468,\"caption\":\"Compagnie Ode M\u00e9lodique\"},\"image\":{\"@id\":\"https:\/\/odemelodique.fr\/#\/schema\/logo\/image\/\"}}]}<\/script>\n<!-- \/ Yoast SEO plugin. -->","yoast_head_json":{"title":"Ateliers de m\u00e9diation - L'Amour Sorcier - Compagnie Ode M\u00e9lodique","robots":{"index":"index","follow":"follow","max-snippet":"max-snippet:-1","max-image-preview":"max-image-preview:large","max-video-preview":"max-video-preview:-1"},"canonical":"https:\/\/odemelodique.fr\/index.php\/stages-ateliers\/ateliers-de-mediation-lamour-sorcier\/","og_locale":"fr_FR","og_type":"article","og_title":"Ateliers de m\u00e9diation - L'Amour Sorcier - Compagnie Ode M\u00e9lodique","og_description":"Pour notre op\u00e9ra-ballet de poche \u00ab\u00a0L&rsquo;Amour Sorcier\u00ab\u00a0, nous avons travaill\u00e9 \u00e0 rendre notre spectacle accessible \u00e0 un large public. Mais pour parfaire l\u2019accessibilit\u00e9 de cette \u0153uvre riche et puissante, nous&hellip;&nbsp;Lire la suite &raquo;Ateliers de m\u00e9diation &#8211; L&rsquo;Amour Sorcier","og_url":"https:\/\/odemelodique.fr\/index.php\/stages-ateliers\/ateliers-de-mediation-lamour-sorcier\/","og_site_name":"Compagnie Ode M\u00e9lodique","article_modified_time":"2026-04-21T14:29:55+00:00","og_image":[{"url":"https:\/\/odemelodique.fr\/wp-content\/uploads\/2024\/03\/5-1024x307.png"}],"twitter_card":"summary_large_image","twitter_misc":{"Dur\u00e9e de lecture estim\u00e9e":"2 minutes"},"schema":{"@context":"https:\/\/schema.org","@graph":[{"@type":"WebPage","@id":"https:\/\/odemelodique.fr\/index.php\/stages-ateliers\/ateliers-de-mediation-lamour-sorcier\/","url":"https:\/\/odemelodique.fr\/index.php\/stages-ateliers\/ateliers-de-mediation-lamour-sorcier\/","name":"Ateliers de m\u00e9diation - L'Amour Sorcier - Compagnie Ode M\u00e9lodique","isPartOf":{"@id":"https:\/\/odemelodique.fr\/#website"},"datePublished":"2024-04-04T09:08:10+00:00","dateModified":"2026-04-21T14:29:55+00:00","breadcrumb":{"@id":"https:\/\/odemelodique.fr\/index.php\/stages-ateliers\/ateliers-de-mediation-lamour-sorcier\/#breadcrumb"},"inLanguage":"fr-FR","potentialAction":[{"@type":"ReadAction","target":["https:\/\/odemelodique.fr\/index.php\/stages-ateliers\/ateliers-de-mediation-lamour-sorcier\/"]}]},{"@type":"BreadcrumbList","@id":"https:\/\/odemelodique.fr\/index.php\/stages-ateliers\/ateliers-de-mediation-lamour-sorcier\/#breadcrumb","itemListElement":[{"@type":"ListItem","position":1,"name":"Accueil","item":"https:\/\/odemelodique.fr\/"},{"@type":"ListItem","position":2,"name":"Stages &#038; ateliers de mediation","item":"https:\/\/odemelodique.fr\/index.php\/stages-ateliers\/"},{"@type":"ListItem","position":3,"name":"Ateliers de m\u00e9diation &#8211; L&rsquo;Amour Sorcier"}]},{"@type":"WebSite","@id":"https:\/\/odemelodique.fr\/#website","url":"https:\/\/odemelodique.fr\/","name":"Compagnie Ode M\u00e9lodique","description":"","publisher":{"@id":"https:\/\/odemelodique.fr\/#organization"},"potentialAction":[{"@type":"SearchAction","target":{"@type":"EntryPoint","urlTemplate":"https:\/\/odemelodique.fr\/?s={search_term_string}"},"query-input":"required name=search_term_string"}],"inLanguage":"fr-FR"},{"@type":"Organization","@id":"https:\/\/odemelodique.fr\/#organization","name":"Compagnie Ode M\u00e9lodique","url":"https:\/\/odemelodique.fr\/","logo":{"@type":"ImageObject","inLanguage":"fr-FR","@id":"https:\/\/odemelodique.fr\/#\/schema\/logo\/image\/","url":"https:\/\/odemelodique.fr\/wp-content\/uploads\/2022\/10\/Logo-noir-fond-blanc-RECTANGLE.jpg","contentUrl":"https:\/\/odemelodique.fr\/wp-content\/uploads\/2022\/10\/Logo-noir-fond-blanc-RECTANGLE.jpg","width":780,"height":468,"caption":"Compagnie Ode M\u00e9lodique"},"image":{"@id":"https:\/\/odemelodique.fr\/#\/schema\/logo\/image\/"}}]}},"_links":{"self":[{"href":"https:\/\/odemelodique.fr\/index.php\/wp-json\/wp\/v2\/pages\/1885","targetHints":{"allow":["GET"]}}],"collection":[{"href":"https:\/\/odemelodique.fr\/index.php\/wp-json\/wp\/v2\/pages"}],"about":[{"href":"https:\/\/odemelodique.fr\/index.php\/wp-json\/wp\/v2\/types\/page"}],"author":[{"embeddable":true,"href":"https:\/\/odemelodique.fr\/index.php\/wp-json\/wp\/v2\/users\/1"}],"replies":[{"embeddable":true,"href":"https:\/\/odemelodique.fr\/index.php\/wp-json\/wp\/v2\/comments?post=1885"}],"version-history":[{"count":3,"href":"https:\/\/odemelodique.fr\/index.php\/wp-json\/wp\/v2\/pages\/1885\/revisions"}],"predecessor-version":[{"id":2258,"href":"https:\/\/odemelodique.fr\/index.php\/wp-json\/wp\/v2\/pages\/1885\/revisions\/2258"}],"up":[{"embeddable":true,"href":"https:\/\/odemelodique.fr\/index.php\/wp-json\/wp\/v2\/pages\/1739"}],"wp:attachment":[{"href":"https:\/\/odemelodique.fr\/index.php\/wp-json\/wp\/v2\/media?parent=1885"}],"curies":[{"name":"wp","href":"https:\/\/api.w.org\/{rel}","templated":true}]}}