{"id":605,"date":"2022-10-09T10:50:19","date_gmt":"2022-10-09T08:50:19","guid":{"rendered":"http:\/\/odemelodique.fr\/?page_id=605"},"modified":"2026-04-21T16:25:55","modified_gmt":"2026-04-21T14:25:55","slug":"3-contes-de-la-nature","status":"publish","type":"page","link":"https:\/\/odemelodique.fr\/index.php\/spectacles\/3-contes-de-la-nature\/","title":{"rendered":"3 contes de la nature"},"content":{"rendered":"\n<figure class=\"wp-block-image alignfull size-full\"><img loading=\"lazy\" decoding=\"async\" width=\"6250\" height=\"1875\" src=\"https:\/\/odemelodique.fr\/wp-content\/uploads\/2023\/12\/Blush-Wave-LinkedIn-Banner-7.png\" alt=\"\" class=\"wp-image-1490\" srcset=\"https:\/\/odemelodique.fr\/wp-content\/uploads\/2023\/12\/Blush-Wave-LinkedIn-Banner-7.png 6250w, https:\/\/odemelodique.fr\/wp-content\/uploads\/2023\/12\/Blush-Wave-LinkedIn-Banner-7-300x90.png 300w, https:\/\/odemelodique.fr\/wp-content\/uploads\/2023\/12\/Blush-Wave-LinkedIn-Banner-7-1024x307.png 1024w, https:\/\/odemelodique.fr\/wp-content\/uploads\/2023\/12\/Blush-Wave-LinkedIn-Banner-7-768x230.png 768w, https:\/\/odemelodique.fr\/wp-content\/uploads\/2023\/12\/Blush-Wave-LinkedIn-Banner-7-1536x461.png 1536w, https:\/\/odemelodique.fr\/wp-content\/uploads\/2023\/12\/Blush-Wave-LinkedIn-Banner-7-2048x614.png 2048w\" sizes=\"auto, (max-width: 6250px) 100vw, 6250px\" \/><\/figure>\n\n\n\n<div id=\"wp-block-themeisle-blocks-advanced-columns-1724b98e\" class=\"wp-block-themeisle-blocks-advanced-columns alignfull has-1-columns has-desktop-equal-layout has-tablet-equal-layout has-mobile-equal-layout has-vertical-unset\"><div class=\"wp-block-themeisle-blocks-advanced-columns-overlay\"><\/div><div class=\"innerblocks-wrap\">\n<div id=\"wp-block-themeisle-blocks-advanced-column-43ed7200\" class=\"wp-block-themeisle-blocks-advanced-column\">\n<div class=\"wp-block-columns is-layout-flex wp-container-core-columns-is-layout-9d6595d7 wp-block-columns-is-layout-flex\">\n<div class=\"wp-block-column has-nv-site-bg-color has-text-color has-background is-layout-flow wp-block-column-is-layout-flow\" style=\"background-color:#4699bd96\">\n<div id=\"wp-block-themeisle-blocks-advanced-columns-0b46e917\" class=\"wp-block-themeisle-blocks-advanced-columns has-1-columns has-desktop-equal-layout has-tablet-equal-layout has-mobile-equal-layout has-vertical-unset\"><div class=\"wp-block-themeisle-blocks-advanced-columns-overlay\"><\/div><div class=\"innerblocks-wrap\">\n<div id=\"wp-block-themeisle-blocks-advanced-column-bd053a1a\" class=\"wp-block-themeisle-blocks-advanced-column\">\n<h2 id=\"wp-block-themeisle-blocks-advanced-heading-af02e140\" class=\"wp-block-themeisle-blocks-advanced-heading wp-block-themeisle-blocks-advanced-heading-af02e140\">Pr\u00e9sentation<\/h2>\n\n\n\n<p id=\"wp-block-themeisle-blocks-advanced-heading-ad5feedf\" class=\"wp-block-themeisle-blocks-advanced-heading wp-block-themeisle-blocks-advanced-heading-ad5feedf\"><i class=\"fa-solid fa-music\"><\/i> Dur\u00e9e : 45 minutes<\/p>\n\n\n\n<p id=\"wp-block-themeisle-blocks-advanced-heading-43437c04\" class=\"wp-block-themeisle-blocks-advanced-heading wp-block-themeisle-blocks-advanced-heading-43437c04\"><i class=\"fa-solid fa-music\"><\/i> Public : d\u00e8s 3 ans<\/p>\n\n\n\n<p>Mirabelle la coccinelle, la petite Poule Rousse et N\u00e9nette la grenouille verte vous emm\u00e8nent par croches et soupirs \u00e0 la <strong>d\u00e9couverte de la musique<\/strong>. L\u2019occasion de faire connaissance avec un <strong>vaste r\u00e9pertoire<\/strong> musical, allant du <strong>Livre Vermeil<\/strong> de Montserrat (XIV\u00e8me si\u00e8cle) \u00e0 de la <strong>cr\u00e9ation contemporaine<\/strong> en passant par le <strong>jazz<\/strong>, la <strong>musique isra\u00e9lienne<\/strong> ou la <strong>musique folklorique auvergnate<\/strong>. Un voyage <strong>po\u00e9tique <\/strong>et <strong>participatif <\/strong>pour les enfants et toute leur famille !<\/p>\n\n\n\n<p><\/p>\n\n\n\n<figure class=\"wp-block-image size-full\"><img loading=\"lazy\" decoding=\"async\" width=\"2560\" height=\"1241\" src=\"https:\/\/odemelodique.fr\/wp-content\/uploads\/2023\/12\/image_50436865-scaled-1.jpg\" alt=\"\" class=\"wp-image-1569\" srcset=\"https:\/\/odemelodique.fr\/wp-content\/uploads\/2023\/12\/image_50436865-scaled-1.jpg 2560w, https:\/\/odemelodique.fr\/wp-content\/uploads\/2023\/12\/image_50436865-scaled-1-300x145.jpg 300w, https:\/\/odemelodique.fr\/wp-content\/uploads\/2023\/12\/image_50436865-scaled-1-1024x496.jpg 1024w, https:\/\/odemelodique.fr\/wp-content\/uploads\/2023\/12\/image_50436865-scaled-1-768x372.jpg 768w, https:\/\/odemelodique.fr\/wp-content\/uploads\/2023\/12\/image_50436865-scaled-1-1536x745.jpg 1536w, https:\/\/odemelodique.fr\/wp-content\/uploads\/2023\/12\/image_50436865-scaled-1-2048x993.jpg 2048w\" sizes=\"auto, (max-width: 2560px) 100vw, 2560px\" \/><\/figure>\n<\/div>\n<\/div><\/div>\n<\/div>\n\n\n\n<div class=\"wp-block-column has-nv-site-bg-color has-text-color has-background is-layout-flow wp-block-column-is-layout-flow\" style=\"background-color:#4699bd96\">\n<div id=\"wp-block-themeisle-blocks-advanced-columns-3d3ef4ab\" class=\"wp-block-themeisle-blocks-advanced-columns has-1-columns has-desktop-equal-layout has-tablet-equal-layout has-mobile-equal-layout has-vertical-unset\"><div class=\"wp-block-themeisle-blocks-advanced-columns-overlay\"><\/div><div class=\"innerblocks-wrap\">\n<div id=\"wp-block-themeisle-blocks-advanced-column-9d9337c6\" class=\"wp-block-themeisle-blocks-advanced-column\">\n<h2 id=\"wp-block-themeisle-blocks-advanced-heading-f85b82d8\" class=\"wp-block-themeisle-blocks-advanced-heading wp-block-themeisle-blocks-advanced-heading-f85b82d8\">Note d&rsquo;intentions<\/h2>\n\n\n\n<p id=\"wp-block-themeisle-blocks-advanced-heading-7eb769a3\" class=\"wp-block-themeisle-blocks-advanced-heading wp-block-themeisle-blocks-advanced-heading-7eb769a3\">Nous avons souhait\u00e9 cr\u00e9er un spectacle participatif m\u00ealant le conte et la musique \u00e0 travers une cr\u00e9ation originale. Il est articul\u00e9 autour de trois contes et d\u2019un r\u00e9pertoire pour guitare, accord\u00e9on diatonique, saxophone et voix.<\/p>\n\n\n\n<p id=\"wp-block-themeisle-blocks-advanced-heading-723fac13\" class=\"wp-block-themeisle-blocks-advanced-heading wp-block-themeisle-blocks-advanced-heading-723fac13\">A travers trois univers cont\u00e9s bucoliques et po\u00e9tiques, les adultes et enfants seront sensibilis\u00e9s \u00e0 un vaste r\u00e9pertoire musical, allant du Livre Vermeil de Montserrat (XIV\u00e8me si\u00e8cle) \u00e0 de la cr\u00e9ation contemporaine en passant par le jazz, la musique isra\u00e9lienne ou la musique folklorique auvergnate. Ils d\u00e9couvriront plusieurs timbres instrumentaux et exp\u00e9rimenteront par eux-m\u00eames les diff\u00e9rents param\u00e8tres du son.<\/p>\n\n\n\n<p id=\"wp-block-themeisle-blocks-advanced-heading-177d9efe\" class=\"wp-block-themeisle-blocks-advanced-heading wp-block-themeisle-blocks-advanced-heading-177d9efe\">Profond\u00e9ment convaincues que le jeu th\u00e9\u00e2tral permet de sublimer la musique et de faire vivre une exp\u00e9rience \u00e9motionnelle encore plus riche, nous avons accord\u00e9 une attention particuli\u00e8re \u00e0 la qualit\u00e9 de nos interactions entre et pendant les \u0153uvres.<br>Enfin, nous avons cr\u00e9\u00e9 un spectacle transportable dans des lieux aussi vari\u00e9s que les publics que nous souhaitons rencontrer.<\/p>\n<\/div>\n<\/div><\/div>\n<\/div>\n<\/div>\n<\/div>\n<\/div><\/div>\n\n\n\n<div id=\"wp-block-themeisle-blocks-advanced-columns-ae9dd9b2\" class=\"wp-block-themeisle-blocks-advanced-columns alignfull has-1-columns has-desktop-equal-layout has-tablet-equal-layout has-mobile-equal-layout has-vertical-unset\"><div class=\"wp-block-themeisle-blocks-advanced-columns-overlay\"><\/div><div class=\"innerblocks-wrap\">\n<div id=\"wp-block-themeisle-blocks-advanced-column-79bf2680\" class=\"wp-block-themeisle-blocks-advanced-column\">\n<div class=\"wp-block-columns is-layout-flex wp-container-core-columns-is-layout-9d6595d7 wp-block-columns-is-layout-flex\">\n<div class=\"wp-block-column has-nv-site-bg-color has-text-color has-background is-layout-flow wp-block-column-is-layout-flow\" style=\"background-color:#ffffff00\">\n<div id=\"wp-block-themeisle-blocks-advanced-columns-7802ad76\" class=\"wp-block-themeisle-blocks-advanced-columns has-1-columns has-desktop-equal-layout has-tablet-equal-layout has-mobile-equal-layout has-vertical-unset\"><div class=\"wp-block-themeisle-blocks-advanced-columns-overlay\"><\/div><div class=\"innerblocks-wrap\">\n<div id=\"wp-block-themeisle-blocks-advanced-column-342e0c6a\" class=\"wp-block-themeisle-blocks-advanced-column\">\n<div class=\"wp-block-columns is-layout-flex wp-container-core-columns-is-layout-9d6595d7 wp-block-columns-is-layout-flex\">\n<div class=\"wp-block-column is-layout-flow wp-block-column-is-layout-flow\" style=\"flex-basis:10%\"><\/div>\n\n\n\n<div class=\"wp-block-column is-layout-flow wp-block-column-is-layout-flow\">\n<h2 id=\"wp-block-themeisle-blocks-advanced-heading-05e5585b\" class=\"wp-block-themeisle-blocks-advanced-heading wp-block-themeisle-blocks-advanced-heading-05e5585b\">Nous entendre<\/h2>\n\n\n\n<figure class=\"wp-block-audio aligncenter\"><audio controls src=\"https:\/\/odemelodique.fr\/wp-content\/uploads\/2022\/10\/3-contes-extraits.mp3\"><\/audio><figcaption class=\"wp-element-caption\"><mark style=\"background-color:rgba(0, 0, 0, 0);color:#469abd\" class=\"has-inline-color\">Extrait du spectacle \u00ab\u00a03 contes de la Nature\u00a0\u00bb<\/mark><\/figcaption><\/figure>\n<\/div>\n\n\n\n<div class=\"wp-block-column is-layout-flow wp-block-column-is-layout-flow\" style=\"flex-basis:10%\"><\/div>\n<\/div>\n<\/div>\n<\/div><\/div>\n<\/div>\n<\/div>\n<\/div>\n<\/div><\/div>\n\n\n\n<div id=\"wp-block-themeisle-blocks-advanced-columns-0b1ee710\" class=\"wp-block-themeisle-blocks-advanced-columns alignfull has-1-columns has-desktop-equal-layout has-tablet-equal-layout has-mobile-equal-layout has-vertical-unset\"><div class=\"wp-block-themeisle-blocks-advanced-columns-overlay\"><\/div><div class=\"innerblocks-wrap\">\n<div id=\"wp-block-themeisle-blocks-advanced-column-732deafd\" class=\"wp-block-themeisle-blocks-advanced-column\">\n<div class=\"wp-block-columns is-layout-flex wp-container-core-columns-is-layout-9d6595d7 wp-block-columns-is-layout-flex\">\n<div class=\"wp-block-column has-nv-site-bg-color has-text-color has-background is-layout-flow wp-block-column-is-layout-flow\" style=\"background-color:#ffffff00\">\n<div id=\"wp-block-themeisle-blocks-advanced-columns-b5235f3a\" class=\"wp-block-themeisle-blocks-advanced-columns has-1-columns has-desktop-equal-layout has-tablet-equal-layout has-mobile-equal-layout has-vertical-unset\"><div class=\"wp-block-themeisle-blocks-advanced-columns-overlay\"><\/div><div class=\"innerblocks-wrap\">\n<div id=\"wp-block-themeisle-blocks-advanced-column-81fdb0d6\" class=\"wp-block-themeisle-blocks-advanced-column\">\n<div class=\"wp-block-columns is-layout-flex wp-container-core-columns-is-layout-9d6595d7 wp-block-columns-is-layout-flex\">\n<div class=\"wp-block-column is-layout-flow wp-block-column-is-layout-flow\" style=\"flex-basis:10%\"><\/div>\n\n\n\n<div class=\"wp-block-column is-layout-flow wp-block-column-is-layout-flow\">\n<figure class=\"wp-block-embed is-type-video is-provider-youtube wp-block-embed-youtube wp-embed-aspect-16-9 wp-has-aspect-ratio\"><div class=\"wp-block-embed__wrapper\">\n<div class=\"nv-iframe-embed\"><iframe loading=\"lazy\" title=\"Cie Ode M\u00e9lodique - 3 contes de la nature (extraits)\" width=\"1200\" height=\"675\" src=\"https:\/\/www.youtube.com\/embed\/m_KlW1-6j_g?feature=oembed\" frameborder=\"0\" allow=\"accelerometer; autoplay; clipboard-write; encrypted-media; gyroscope; picture-in-picture; web-share\" referrerpolicy=\"strict-origin-when-cross-origin\" allowfullscreen><\/iframe><\/div>\n<\/div><\/figure>\n<\/div>\n\n\n\n<div class=\"wp-block-column is-layout-flow wp-block-column-is-layout-flow\" style=\"flex-basis:10%\"><\/div>\n<\/div>\n\n\n\n<div id=\"wp-block-themeisle-blocks-advanced-columns-ae40d7c7\" class=\"wp-block-themeisle-blocks-advanced-columns has-1-columns has-desktop-equal-layout has-tablet-equal-layout has-mobile-equal-layout has-vertical-unset\"><div class=\"wp-block-themeisle-blocks-advanced-columns-overlay\"><\/div><div class=\"innerblocks-wrap\">\n<div id=\"wp-block-themeisle-blocks-advanced-column-48585db3\" class=\"wp-block-themeisle-blocks-advanced-column\">\n<div id=\"wp-block-themeisle-blocks-advanced-columns-d64be11e\" class=\"wp-block-themeisle-blocks-advanced-columns has-1-columns has-desktop-equal-layout has-tablet-equal-layout has-mobile-equal-layout has-vertical-unset\"><div class=\"wp-block-themeisle-blocks-advanced-columns-overlay\"><\/div><div class=\"innerblocks-wrap\">\n<div id=\"wp-block-themeisle-blocks-advanced-column-4550c4c9\" class=\"wp-block-themeisle-blocks-advanced-column\">\n<h3 id=\"wp-block-themeisle-blocks-advanced-heading-5feaacec\" class=\"wp-block-themeisle-blocks-advanced-heading wp-block-themeisle-blocks-advanced-heading-5feaacec\">Pour plus de d\u00e9tails : <\/h3>\n\n\n\n<div class=\"wp-block-buttons is-content-justification-center is-layout-flex wp-container-core-buttons-is-layout-16018d1d wp-block-buttons-is-layout-flex\">\n<div class=\"wp-block-button\"><a class=\"wp-block-button__link wp-element-button\" href=\"https:\/\/odemelodique.fr\/wp-content\/uploads\/2026\/04\/Dossier-technique-3-contes.pdf\" target=\"_blank\" rel=\"noreferrer noopener\">T\u00e9l\u00e9charger le dossier technique<\/a><\/div>\n<\/div>\n<\/div>\n<\/div><\/div>\n<\/div>\n<\/div><\/div>\n<\/div>\n<\/div><\/div>\n<\/div>\n<\/div>\n<\/div>\n<\/div><\/div>\n","protected":false},"excerpt":{"rendered":"","protected":false},"author":1,"featured_media":0,"parent":506,"menu_order":1,"comment_status":"closed","ping_status":"closed","template":"","meta":{"neve_meta_sidebar":"","neve_meta_container":"","neve_meta_enable_content_width":"","neve_meta_content_width":0,"neve_meta_title_alignment":"","neve_meta_author_avatar":"","neve_post_elements_order":"","neve_meta_disable_header":"","neve_meta_disable_footer":"","neve_meta_disable_title":"","_themeisle_gutenberg_block_has_review":false,"_ti_tpc_template_sync":false,"_ti_tpc_template_id":"","footnotes":""},"class_list":["post-605","page","type-page","status-publish","hentry"],"yoast_head":"<!-- This site is optimized with the Yoast SEO plugin v20.8 - https:\/\/yoast.com\/wordpress\/plugins\/seo\/ -->\n<title>3 contes de la nature - Compagnie Ode M\u00e9lodique<\/title>\n<meta name=\"robots\" content=\"index, follow, max-snippet:-1, max-image-preview:large, max-video-preview:-1\" \/>\n<link rel=\"canonical\" href=\"https:\/\/odemelodique.fr\/index.php\/spectacles\/3-contes-de-la-nature\/\" \/>\n<meta property=\"og:locale\" content=\"fr_FR\" \/>\n<meta property=\"og:type\" content=\"article\" \/>\n<meta property=\"og:title\" content=\"3 contes de la nature - Compagnie Ode M\u00e9lodique\" \/>\n<meta property=\"og:url\" content=\"https:\/\/odemelodique.fr\/index.php\/spectacles\/3-contes-de-la-nature\/\" \/>\n<meta property=\"og:site_name\" content=\"Compagnie Ode M\u00e9lodique\" \/>\n<meta property=\"article:modified_time\" content=\"2026-04-21T14:25:55+00:00\" \/>\n<meta property=\"og:image\" content=\"https:\/\/odemelodique.fr\/wp-content\/uploads\/2023\/12\/Blush-Wave-LinkedIn-Banner-7.png\" \/>\n<meta name=\"twitter:card\" content=\"summary_large_image\" \/>\n<meta name=\"twitter:label1\" content=\"Dur\u00e9e de lecture estim\u00e9e\" \/>\n\t<meta name=\"twitter:data1\" content=\"2 minutes\" \/>\n<script type=\"application\/ld+json\" class=\"yoast-schema-graph\">{\"@context\":\"https:\/\/schema.org\",\"@graph\":[{\"@type\":\"WebPage\",\"@id\":\"https:\/\/odemelodique.fr\/index.php\/spectacles\/3-contes-de-la-nature\/\",\"url\":\"https:\/\/odemelodique.fr\/index.php\/spectacles\/3-contes-de-la-nature\/\",\"name\":\"3 contes de la nature - Compagnie Ode M\u00e9lodique\",\"isPartOf\":{\"@id\":\"https:\/\/odemelodique.fr\/#website\"},\"datePublished\":\"2022-10-09T08:50:19+00:00\",\"dateModified\":\"2026-04-21T14:25:55+00:00\",\"breadcrumb\":{\"@id\":\"https:\/\/odemelodique.fr\/index.php\/spectacles\/3-contes-de-la-nature\/#breadcrumb\"},\"inLanguage\":\"fr-FR\",\"potentialAction\":[{\"@type\":\"ReadAction\",\"target\":[\"https:\/\/odemelodique.fr\/index.php\/spectacles\/3-contes-de-la-nature\/\"]}]},{\"@type\":\"BreadcrumbList\",\"@id\":\"https:\/\/odemelodique.fr\/index.php\/spectacles\/3-contes-de-la-nature\/#breadcrumb\",\"itemListElement\":[{\"@type\":\"ListItem\",\"position\":1,\"name\":\"Accueil\",\"item\":\"https:\/\/odemelodique.fr\/\"},{\"@type\":\"ListItem\",\"position\":2,\"name\":\"Spectacles\",\"item\":\"https:\/\/odemelodique.fr\/index.php\/spectacles\/\"},{\"@type\":\"ListItem\",\"position\":3,\"name\":\"3 contes de la nature\"}]},{\"@type\":\"WebSite\",\"@id\":\"https:\/\/odemelodique.fr\/#website\",\"url\":\"https:\/\/odemelodique.fr\/\",\"name\":\"Compagnie Ode M\u00e9lodique\",\"description\":\"\",\"publisher\":{\"@id\":\"https:\/\/odemelodique.fr\/#organization\"},\"potentialAction\":[{\"@type\":\"SearchAction\",\"target\":{\"@type\":\"EntryPoint\",\"urlTemplate\":\"https:\/\/odemelodique.fr\/?s={search_term_string}\"},\"query-input\":\"required name=search_term_string\"}],\"inLanguage\":\"fr-FR\"},{\"@type\":\"Organization\",\"@id\":\"https:\/\/odemelodique.fr\/#organization\",\"name\":\"Compagnie Ode M\u00e9lodique\",\"url\":\"https:\/\/odemelodique.fr\/\",\"logo\":{\"@type\":\"ImageObject\",\"inLanguage\":\"fr-FR\",\"@id\":\"https:\/\/odemelodique.fr\/#\/schema\/logo\/image\/\",\"url\":\"https:\/\/odemelodique.fr\/wp-content\/uploads\/2022\/10\/Logo-noir-fond-blanc-RECTANGLE.jpg\",\"contentUrl\":\"https:\/\/odemelodique.fr\/wp-content\/uploads\/2022\/10\/Logo-noir-fond-blanc-RECTANGLE.jpg\",\"width\":780,\"height\":468,\"caption\":\"Compagnie Ode M\u00e9lodique\"},\"image\":{\"@id\":\"https:\/\/odemelodique.fr\/#\/schema\/logo\/image\/\"}}]}<\/script>\n<!-- \/ Yoast SEO plugin. -->","yoast_head_json":{"title":"3 contes de la nature - Compagnie Ode M\u00e9lodique","robots":{"index":"index","follow":"follow","max-snippet":"max-snippet:-1","max-image-preview":"max-image-preview:large","max-video-preview":"max-video-preview:-1"},"canonical":"https:\/\/odemelodique.fr\/index.php\/spectacles\/3-contes-de-la-nature\/","og_locale":"fr_FR","og_type":"article","og_title":"3 contes de la nature - Compagnie Ode M\u00e9lodique","og_url":"https:\/\/odemelodique.fr\/index.php\/spectacles\/3-contes-de-la-nature\/","og_site_name":"Compagnie Ode M\u00e9lodique","article_modified_time":"2026-04-21T14:25:55+00:00","og_image":[{"url":"https:\/\/odemelodique.fr\/wp-content\/uploads\/2023\/12\/Blush-Wave-LinkedIn-Banner-7.png"}],"twitter_card":"summary_large_image","twitter_misc":{"Dur\u00e9e de lecture estim\u00e9e":"2 minutes"},"schema":{"@context":"https:\/\/schema.org","@graph":[{"@type":"WebPage","@id":"https:\/\/odemelodique.fr\/index.php\/spectacles\/3-contes-de-la-nature\/","url":"https:\/\/odemelodique.fr\/index.php\/spectacles\/3-contes-de-la-nature\/","name":"3 contes de la nature - Compagnie Ode M\u00e9lodique","isPartOf":{"@id":"https:\/\/odemelodique.fr\/#website"},"datePublished":"2022-10-09T08:50:19+00:00","dateModified":"2026-04-21T14:25:55+00:00","breadcrumb":{"@id":"https:\/\/odemelodique.fr\/index.php\/spectacles\/3-contes-de-la-nature\/#breadcrumb"},"inLanguage":"fr-FR","potentialAction":[{"@type":"ReadAction","target":["https:\/\/odemelodique.fr\/index.php\/spectacles\/3-contes-de-la-nature\/"]}]},{"@type":"BreadcrumbList","@id":"https:\/\/odemelodique.fr\/index.php\/spectacles\/3-contes-de-la-nature\/#breadcrumb","itemListElement":[{"@type":"ListItem","position":1,"name":"Accueil","item":"https:\/\/odemelodique.fr\/"},{"@type":"ListItem","position":2,"name":"Spectacles","item":"https:\/\/odemelodique.fr\/index.php\/spectacles\/"},{"@type":"ListItem","position":3,"name":"3 contes de la nature"}]},{"@type":"WebSite","@id":"https:\/\/odemelodique.fr\/#website","url":"https:\/\/odemelodique.fr\/","name":"Compagnie Ode M\u00e9lodique","description":"","publisher":{"@id":"https:\/\/odemelodique.fr\/#organization"},"potentialAction":[{"@type":"SearchAction","target":{"@type":"EntryPoint","urlTemplate":"https:\/\/odemelodique.fr\/?s={search_term_string}"},"query-input":"required name=search_term_string"}],"inLanguage":"fr-FR"},{"@type":"Organization","@id":"https:\/\/odemelodique.fr\/#organization","name":"Compagnie Ode M\u00e9lodique","url":"https:\/\/odemelodique.fr\/","logo":{"@type":"ImageObject","inLanguage":"fr-FR","@id":"https:\/\/odemelodique.fr\/#\/schema\/logo\/image\/","url":"https:\/\/odemelodique.fr\/wp-content\/uploads\/2022\/10\/Logo-noir-fond-blanc-RECTANGLE.jpg","contentUrl":"https:\/\/odemelodique.fr\/wp-content\/uploads\/2022\/10\/Logo-noir-fond-blanc-RECTANGLE.jpg","width":780,"height":468,"caption":"Compagnie Ode M\u00e9lodique"},"image":{"@id":"https:\/\/odemelodique.fr\/#\/schema\/logo\/image\/"}}]}},"_links":{"self":[{"href":"https:\/\/odemelodique.fr\/index.php\/wp-json\/wp\/v2\/pages\/605","targetHints":{"allow":["GET"]}}],"collection":[{"href":"https:\/\/odemelodique.fr\/index.php\/wp-json\/wp\/v2\/pages"}],"about":[{"href":"https:\/\/odemelodique.fr\/index.php\/wp-json\/wp\/v2\/types\/page"}],"author":[{"embeddable":true,"href":"https:\/\/odemelodique.fr\/index.php\/wp-json\/wp\/v2\/users\/1"}],"replies":[{"embeddable":true,"href":"https:\/\/odemelodique.fr\/index.php\/wp-json\/wp\/v2\/comments?post=605"}],"version-history":[{"count":14,"href":"https:\/\/odemelodique.fr\/index.php\/wp-json\/wp\/v2\/pages\/605\/revisions"}],"predecessor-version":[{"id":2256,"href":"https:\/\/odemelodique.fr\/index.php\/wp-json\/wp\/v2\/pages\/605\/revisions\/2256"}],"up":[{"embeddable":true,"href":"https:\/\/odemelodique.fr\/index.php\/wp-json\/wp\/v2\/pages\/506"}],"wp:attachment":[{"href":"https:\/\/odemelodique.fr\/index.php\/wp-json\/wp\/v2\/media?parent=605"}],"curies":[{"name":"wp","href":"https:\/\/api.w.org\/{rel}","templated":true}]}}